umber?
False
Let p be (-15 + 11)*2/8 - -35. Is (-1649)/(-34)*p*1 a composite number?
True
Let q(o) = o**2 + o. Let j be -3 - -6 - (-4)/(-1). Let a be q(j). Suppose a = 3*y + 3*p - 2214, -y + 4*p - 475 + 1238 = 0. Is y prime?
True
Let p = -302931 + 641890. Is p a composite number?
False
Let c = 70400 - 46627. Is c a prime number?
True
Let k = 19 - 20. Let h(z) = -z. Let b be h(k). Is 1527/b*-2*(-3)/6 prime?
False
Suppose -5178 = 26*s - 15266. Suppose -3*x - s = -1525. Is x composite?
False
Let s = 22396 + -15908. Let b = 3417 - s. Let d = b - -5754. Is d a prime number?
True
Let v = 117 - 115. Let j be v/(-4) + 7/14 + 2. Suppose -y + 0*y + 2*h = -269, -j*h = -3*y + 795. Is y a prime number?
True
Suppose -25*a - 48*a + 6819215 = -8*a. Is a composite?
False
Let p = 29791 + -7313. Is p composite?
True
Suppose -5*n = -6*n - 5*k + 226, -4*k - 880 = -4*n. Suppose h + f = 96, -5*h - 486 = -10*h + f. Suppose -n - h = -6*z. Is z prime?
True
Is 586*9 - (1/(-7))/(70/(-490)) prime?
True
Suppose -7*y + 4 = -9*y. Let r(i) = 12939*i**2 + 30*i + 55. Is r(y) composite?
True
Let g = 181486 - 100959. Is g a prime number?
True
Let k(p) = p + 8. Suppose 0 = w - 2*w - 3*q + 5, -2*w + 5 = 5*q. Let n be k(w). Is 221 + 1 - (1 + n/1) a prime number?
True
Let h = -29945 - -52192. Is h a composite number?
False
Let l = 20315 + 3266. Is l composite?
False
Let k(f) = -3*f + 1. Let o be k(4). Let x(a) = -4*a - 37. Let y be x(o). Suppose -15*h + y*h + 11976 = 0. Is h a prime number?
False
Suppose -29*n - 197044 = -34*n + 3*f, -2*n = f - 78811. Is n prime?
False
Let q(j) = j - 23 - 6*j + 7*j. Let b be q(6). Let y = b + 42. Is y composite?
False
Let y = 1552 + -1032. Let f = 939 - y. Is f a composite number?
False
Let o = 88042 + -44637. Is o composite?
True
Let w = -12604 + 24169. Let n = w - 7064. Is n a composite number?
True
Is (-152)/342 + (-15543831)/(-27) prime?
False
Let t = -429879 + 2928472. Is t prime?
True
Suppose 367*k - 349*k - 2643966 = 0. Is k prime?
False
Let m(n) = 9019*n**2 + 42*n + 406. Is m(-7) a composite number?
True
Let c be (-45 + 43)*(-42)/4. Is (-6 + 112/c)/(2/(-12249)) a prime number?
False
Let r(b) = 55*b + 24. Suppose 0 = -4*j - 2*j + 30. Let g be j/(-10) + (-81)/(-6). Is r(g) prime?
True
Let c = -103486 - -192134. Let o = -23 + 36. Suppose o*z - 5*z - c = 0. Is z composite?
True
Let j be (-2*(-3)/2)/(18/(-48)). Let d be (-1)/(-2)*7792/j. Let o = 1128 + d. Is o prime?
True
Let j = 28695 - -65442. Is j composite?
True
Suppose 0*i - 21 = w + 2*i, w + 21 = 3*i. Let u(n) = 4*n**3 - 26*n**2 + 24*n + 13. Let o(y) = -y**3 + y**2 - y. Let m(f) = -5*o(f) - u(f). Is m(w) prime?
False
Let k(f) = 4293*f + 69. Is k(6) a composite number?
True
Suppose -4*h - 154168 = 4*a, 4*a - 249065 = 4*h - 94881. Let x = h - -67313. Is x prime?
False
Let w(f) = f**2 - 22*f + 42. Let c be w(20). Let g be 6*(5/c + -2). Is 4264 + ((-2)/g)/(8/(-12)) a composite number?
True
Let f = 21141 + -18335. Suppose 2*t - 20 = -5*l, -5*l + t = -6 + 1. Suppose v = 3*z - 0*z - 4199, l*z - f = 4*v. Is z a composite number?
False
Let t(k) = 2*k**2 + 10*k + 23. Let y be t(-4). Suppose -3*l - l + 4*r = -9692, 3*r + y = 0. Suppose -34 = -4*h + l. Is h composite?
False
Let g(q) be the first derivative of 679*q**3/3 - q**2 - 2*q + 729. Let j = -2 + 1. Is g(j) prime?
False
Suppose 24*f - 3407365 = 4702115. Is f prime?
False
Let f = 5981 - 151. Suppose -32 = -4*g - 0*g. Suppose -2*i + f = g*i. Is i composite?
True
Let j(o) = 2*o**2 - 43*o - 67. Let q be j(23). Suppose -5*a = -4*c + 33907, 2*c + q*a - 5*a = 16951. Is c prime?
False
Let w = 223 + -113. Suppose -2*p - 3*o + 348 = -5*p, -2*o = p + w. Let q = 47 - p. Is q a prime number?
False
Suppose f = -5*b - 5, 3*f - 5 = f + 5*b. Suppose f*s = -9*s - 54. Is 3*s/9*(-7206)/12 a composite number?
False
Let a(o) = 186*o**2 - 142*o - 6. Is a(8) a prime number?
False
Let t = 29 + -25. Suppose t = 3*i + 13. Is (-12)/8 - i/(-6) - -589 a composite number?
False
Let v(w) = w**2 + 9*w + 14. Let f be v(12). Let p = -156 + f. Suppose p = 5*d - 4*m - 192, 3*m - 254 = -4*d. Is d composite?
True
Suppose -11926 = -4*j + 10970. Suppose 3*h = -h + j. Suppose 8*x - h = -175. Is x a composite number?
False
Suppose -5*n - 8 - 3 = -4*o, 15 = -5*n. Let b be (-1 + o)/(-2*5/40). Is (((-84)/b)/7)/((-3)/5366) composite?
False
Suppose 31 = 5*x + 6. Suppose x*v = -2*p - 22, -v + 78 = -5*p - 2*v. Is ((-66)/(-4))/(-3)*(p + -126) composite?
True
Suppose -i = -4*l + 26, -3*l = -4*i - 23 - 55. Let x be ((-4)/(-12) + -3)*i/(-4). Is -10 - x - (-417)/1 a prime number?
True
Is -3133*4962/(-60) + 6*(-5)/300 prime?
True
Suppose -6*r - 28*o + 30*o + 7664 = 0, 5*r + o = 6384. Is r composite?
False
Is (-135)/45*(-22567)/3 a composite number?
False
Let w(v) = 79*v**2 - 11*v - 5. Let f be w(-15). Suppose 3440 = -5*a + f. Is a a prime number?
False
Let s(a) = -a**2 - 5*a - 80. Let r be s(0). Let v = r - -84. Suppose -v*y = 3*k - 805, -9*y + 7*y + 401 = k. Is y a prime number?
True
Let d = -528 - -537. Suppose -x + 82085 = 11*h - d*h, 3*h + 2*x = 123125. Is h prime?
False
Suppose -22*i = -25*i - 6. Let m be i/10 - (312/(-10) + -5). Let h = m - -41. Is h prime?
False
Let r(n) = 85932*n - 551. Is r(6) a prime number?
True
Suppose 0 = 3*q + 5*u + 5, 4*q - u - 14 = 10. Suppose p + 5*v = 3615, 2*p + 2*p = -q*v + 14400. Is p a composite number?
True
Suppose 7*z = -4*z + 4*z. Suppose 2*q - 4257 + 953 = -4*w, 3*q + 4*w - 4946 = z. Is q a prime number?
False
Let b(q) = 26077*q + 2284. Is b(7) a composite number?
False
Suppose -4*z + z + 333 = 0. Let i = 224 + -221. Suppose -i*t - z + 288 = 0. Is t prime?
True
Is -2*11/(-66)*182361 a composite number?
True
Let n(g) = -59330*g + 85. Let v be n(-3). Let m = 301436 - v. Is m prime?
False
Let l = 155 - 143. Let x(q) = 33*q - 22. Let r(g) = 65*g - 43. Let v(f) = 3*r(f) - 5*x(f). Is v(l) prime?
False
Let g be (1/3)/(26/2496). Suppose -g*q + 278748 = 1532. Is q prime?
True
Let h(a) = 752*a + 69. Let d be h(5). Suppose -d = 4*b - 14145. Is b a prime number?
True
Suppose 2*w + 2300639 = 5*s, -139*w = -143*w - 8. Is s a composite number?
False
Suppose -5*z + 160856 = 3*c, -5*z - 32*c + 34*c + 160871 = 0. Is z a composite number?
False
Let n(y) = -124*y - 49. Let w = 58 + -69. Is n(w) a prime number?
False
Let v(l) be the third derivative of -71*l**6/60 + l**5/60 + l**4/8 + 2*l**3/3 - 21*l**2. Is v(-2) a composite number?
True
Suppose 0 = 7*l - 6*l - 4. Let c be 2 + l + 2 + 2. Let x(y) = y**3 - 3*y**2 - 25*y + 17. Is x(c) a composite number?
False
Suppose 0 = 3*n - 3*z + 15, 25 = n - 5*z + 10*z. Let a = -5 + 21. Suppose -5*d + 2*j = -10623, 4*j + n = -a. Is d composite?
True
Suppose 262*q - 70730 = -5*m + 265*q, 0 = 3*q + 15. Is m a composite number?
False
Suppose h - 4*m = 185643, 38*h - 41*h + 556961 = 4*m. Is h composite?
False
Let r(c) = 2*c**3 + 18*c**2 + 5. Let x be r(-9). Suppose -x*g + 293 = b - 265, -2*b - 438 = -4*g. Is g a prime number?
False
Let q(w) = w**3 - 11*w**2 - w + 233743. Is q(0) prime?
True
Suppose -12 = -4*t - 2*j, 5*j + 8 = j. Suppose 4*p = -t + 32. Suppose -p*n + 3*n + 776 = 0. Is n prime?
False
Suppose -f + 3*p = -29138, 4*f - 169*p + 164*p = 116545. Is f a composite number?
True
Let b be (7/(-2))/(-7) + (-3)/(-6). Let i be (-1 + 4)/(b/(-132)). Let h = -7 - i. Is h a composite number?
False
Let k(x) = -x**2 - 13*x - 12. Let n be k(-7). Suppose n = a - 11*a. Let q(p) = 29*p**2 + 6. Is q(a) composite?
True
Let v(q) = -20*q**3 + 2*q**2 - 1. Let y be v(-1). Suppose -3556 = -25*j + y*j. Let d = j - 348. Is d a composite number?
False
Suppose -10*m - 45763 + 337973 = 0. Is m composite?
False
Is 1/3*(9 + -10)*(-17 - 25223020) a prime number?
False
Suppose 3*a - 2*b + 4 = 0, a - 5*b + 6 = -2*b. Let k be (297/44)/((-12)/(-32)). Suppose a = -15*d + k*d - 759. Is d composite?
True
Suppose -32*v + 32*v + 41*v - 6777751 = 0. Is v prime?
True
Let x(w) = -7*w - 23. Let r be x(-6). Suppose 0 = r*n - 14*n - 12055. Is n a prime number?
True
Suppose 6*d - 32*d + 489684 = 0. Suppose 3273*c = 3267*c + d. Is c prime?
False
Let o = -49 - -65. Suppose 34*p + o = 32*p. Is 2163 + 3*p/(-6) a prime number?
False
Suppose h + 192 = 7*h. Suppose 4*r - h = -4*n, 0 = n - r - 1 + 3. Suppose -2*y = n*y - 265. Is y a prime number?
True
Is 6/(-14) - (-27270)/5670*43788/1 prim